{"id":150,"date":"2024-08-22T10:25:03","date_gmt":"2024-08-22T08:25:03","guid":{"rendered":"https:\/\/www.lutes.dev-platform.b2cit.be\/index.php\/home\/"},"modified":"2024-08-26T14:01:48","modified_gmt":"2024-08-26T12:01:48","slug":"home","status":"publish","type":"page","link":"https:\/\/www.lutes.dev-platform.b2cit.be\/","title":{"rendered":""},"content":{"rendered":"\n<div class=\"wp-block-group alignfull has-global-padding is-layout-constrained wp-container-core-group-is-layout-2 wp-block-group-is-layout-constrained\" style=\"padding-top:var(--wp--preset--spacing--50);padding-right:var(--wp--preset--spacing--50);padding-bottom:var(--wp--preset--spacing--50);padding-left:var(--wp--preset--spacing--50)\">\n<div class=\"wp-block-group is-layout-flow wp-container-core-group-is-layout-1 wp-block-group-is-layout-flow\">\n<h4 class=\"wp-block-heading\"><br>Pr\u00e9sentation de notre Cabinet d&rsquo;Avocats<\/h4>\n\n\n\n<p><\/p>\n\n\n\n<p class=\"has-text-align-left\" style=\"margin-top:var(--wp--preset--spacing--10);margin-bottom:var(--wp--preset--spacing--10)\"><strong>LUTES<\/strong> est une structure fond\u00e9e par quatre avocats passionn\u00e9s et exp\u00e9riment\u00e9s, d\u00e9di\u00e9e \u00e0 la d\u00e9fense de vos droits et \u00e0 la satisfaction de vos besoins juridiques.<\/p>\n\n\n\n<p class=\"has-text-align-left\"><\/p>\n\n\n\n<h4 class=\"wp-block-heading\">Qui sommes-nous ?<\/h4>\n\n\n\n<p style=\"margin-top:var(--wp--preset--spacing--10);margin-bottom:var(--wp--preset--spacing--10)\">Notre cabinet se distingue par sa diversit\u00e9 de comp\u00e9tences et son engagement envers l&rsquo;excellence juridique. Nous combinons nos expertises vari\u00e9es pour offrir \u00e0 nos clients des conseils juridiques personnalis\u00e9s et efficaces, adapt\u00e9s \u00e0 chaque situation sp\u00e9cifique et \u00e0 destination d\u2019une client\u00e8le h\u00e9t\u00e9roclite allant du particulier \u00e0 la grande entreprise.<\/p>\n\n\n\n<p class=\"has-text-align-left\">Nous pratiquons tant le conseil que le contentieux<\/p>\n\n\n\n<div style=\"height:1.25rem\" aria-hidden=\"true\" class=\"wp-block-spacer\"><\/div>\n\n\n\n<div class=\"wp-block-buttons is-content-justification-center is-layout-flex wp-container-core-buttons-is-layout-1 wp-block-buttons-is-layout-flex\">\n<div class=\"wp-block-button\"><a class=\"wp-block-button__link wp-element-button\">D\u00e9couvrir le cabinet<\/a><\/div>\n<\/div>\n<\/div>\n\n\n\n<div style=\"height:var(--wp--preset--spacing--30)\" aria-hidden=\"true\" class=\"wp-block-spacer\"><\/div>\n\n\n\n<figure class=\"wp-block-image alignwide size-full is-style-rounded is-style-rounded--0e607709175ef9bffe4055bcacf42f26\"><img loading=\"lazy\" decoding=\"async\" width=\"2560\" height=\"1707\" src=\"https:\/\/www.lutes.dev-platform.b2cit.be\/wp-content\/uploads\/2024\/08\/close-up-pen-financial-report-scaled.jpg\" alt=\"\" class=\"wp-image-313\" srcset=\"https:\/\/www.lutes.dev-platform.b2cit.be\/wp-content\/uploads\/2024\/08\/close-up-pen-financial-report-scaled.jpg 2560w, https:\/\/www.lutes.dev-platform.b2cit.be\/wp-content\/uploads\/2024\/08\/close-up-pen-financial-report-300x200.jpg 300w, https:\/\/www.lutes.dev-platform.b2cit.be\/wp-content\/uploads\/2024\/08\/close-up-pen-financial-report-1024x683.jpg 1024w, https:\/\/www.lutes.dev-platform.b2cit.be\/wp-content\/uploads\/2024\/08\/close-up-pen-financial-report-768x512.jpg 768w, https:\/\/www.lutes.dev-platform.b2cit.be\/wp-content\/uploads\/2024\/08\/close-up-pen-financial-report-1536x1024.jpg 1536w, https:\/\/www.lutes.dev-platform.b2cit.be\/wp-content\/uploads\/2024\/08\/close-up-pen-financial-report-2048x1365.jpg 2048w\" sizes=\"(max-width: 2560px) 100vw, 2560px\" \/><\/figure>\n<\/div>\n\n\n\n<div class=\"wp-block-group alignfull has-base-2-background-color has-background has-global-padding is-layout-constrained wp-container-core-group-is-layout-5 wp-block-group-is-layout-constrained\" style=\"margin-top:0;margin-bottom:0;padding-top:var(--wp--preset--spacing--50);padding-right:var(--wp--preset--spacing--50);padding-bottom:var(--wp--preset--spacing--50);padding-left:var(--wp--preset--spacing--50)\">\n<div class=\"wp-block-group alignwide has-global-padding is-layout-constrained wp-container-core-group-is-layout-4 wp-block-group-is-layout-constrained\">\n<div class=\"wp-block-group is-vertical is-content-justification-center is-layout-flex wp-container-core-group-is-layout-3 wp-block-group-is-layout-flex\">\n<h2 class=\"wp-block-heading has-text-align-center is-style-default\">Une \u00e9quipe diversifi\u00e9e et sp\u00e9cialis\u00e9e<\/h2>\n\n\n\n<p class=\"has-text-align-center\"><br>Notre cabinet est compos\u00e9 d&rsquo;une \u00e9quipe \u00e9largie d&rsquo;avocats talentueux, chacun apportant une expertise sp\u00e9cifique dans divers domaines du droit. Cette structure nous permet de garantir un haut niveau d&rsquo;expertise et de r\u00e9pondre efficacement aux besoins vari\u00e9s de nos clients.<\/p>\n<\/div>\n\n\n\n<div style=\"height:var(--wp--preset--spacing--40)\" aria-hidden=\"true\" class=\"wp-block-spacer\"><\/div>\n\n\n\n<div style=\"height:var(--wp--preset--spacing--40)\" aria-hidden=\"true\" class=\"wp-block-spacer\"><\/div>\n<\/div>\n<\/div>\n\n\n\n<div class=\"wp-block-group alignfull has-base-background-color has-background is-layout-flow wp-block-group-is-layout-flow\" style=\"margin-top:0;margin-bottom:0;padding-top:var(--wp--preset--spacing--50);padding-right:var(--wp--preset--spacing--50);padding-bottom:var(--wp--preset--spacing--50);padding-left:var(--wp--preset--spacing--50)\">\n<div class=\"wp-block-group is-vertical is-content-justification-center is-layout-flex wp-container-core-group-is-layout-6 wp-block-group-is-layout-flex\">\n<h2 class=\"wp-block-heading has-text-align-center is-style-default\">Nos d\u00e9partements sp\u00e9cialis\u00e9s<\/h2>\n\n\n\n<p class=\"has-text-align-center\"><\/p>\n\n\n\n<div style=\"height:0px\" aria-hidden=\"true\" class=\"wp-block-spacer wp-container-content-2\"><\/div>\n\n\n\n<p class=\"has-text-align-center\">Pour offrir un haut niveau d\u2019expertise, notre cabinet est divis\u00e9 en plusieurs d\u00e9partements, chacun d\u00e9di\u00e9 \u00e0 un domaine sp\u00e9cifique du droit :<\/p>\n<\/div>\n\n\n\n<div style=\"margin-top:0;margin-bottom:0;height:var(--wp--preset--spacing--40)\" aria-hidden=\"true\" class=\"wp-block-spacer\"><\/div>\n\n\n\n<!-- Slider main container -->\n<div class=\"swiper\">\n  <!-- Additional required wrapper -->\n  <div class=\"swiper-wrapper\">\n    <!-- Slides -->\n    <div class=\"swiper-slide slide-civil\">\n      <h4>Droit Civil<\/h4>\n    <\/div>\n    <div class=\"swiper-slide slide-penal\">\n      <h4>Droit P\u00e9nal<\/h4>\n    <\/div>\n    <div class=\"swiper-slide slide-commercial\">\n      <h4>Droit Commercial<\/h4>\n    <\/div>\n    <div class=\"swiper-slide slide-responsabilite\">\n      <h4>Responsabilit\u00e9 et assurances<\/h4>\n    <\/div>\n    &#8230;\n  <\/div>\n  <!-- If we need pagination -->\n  <div class=\"swiper-pagination\"><\/div>\n\n  <!-- If we need navigation buttons -->\n  <div class=\"swiper-button-prev\"><\/div>\n  <div class=\"swiper-button-next\"><\/div>\n\n  <!-- If we need scrollbar -->\n  <div class=\"swiper-scrollbar\"><\/div>\n<\/div>\n\n\n\n<div style=\"height:var(--wp--preset--spacing--20)\" aria-hidden=\"true\" class=\"wp-block-spacer\"><\/div>\n<\/div>\n\n\n\n<div class=\"wp-block-group alignfull has-base-2-background-color has-background is-layout-flow wp-block-group-is-layout-flow\" style=\"margin-top:0;margin-bottom:0;padding-top:var(--wp--preset--spacing--50);padding-right:var(--wp--preset--spacing--50);padding-bottom:var(--wp--preset--spacing--50);padding-left:var(--wp--preset--spacing--50)\">\n<h2 class=\"wp-block-heading has-text-align-center\">Nos bureaux<\/h2>\n\n\n\n<div class=\"wp-block-columns is-layout-flex wp-container-core-columns-is-layout-1 wp-block-columns-is-layout-flex\">\n<div class=\"wp-block-column is-layout-flow wp-block-column-is-layout-flow\">\n<h4 class=\"wp-block-heading\"><strong>Li\u00e8ge<\/strong><\/h4>\n\n\n\n<p>Situ\u00e9 au c\u0153ur de Li\u00e8ge, notre bureau principal est facilement accessible et \u00e9quip\u00e9 pour accueillir nos clients dans un cadre professionnel et confidentiel. Nous y traitons une large gamme de dossiers, allant du droit civil au droit commercial, en passant par le droit de la famille et le droit p\u00e9nal.<\/p>\n<\/div>\n\n\n\n<div class=\"wp-block-column is-layout-flow wp-block-column-is-layout-flow\">\n<h4 class=\"wp-block-heading\"><strong>Verviers<\/strong><\/h4>\n\n\n\n<p>Notre second bureau, implant\u00e9 \u00e0 Verviers, nous permet de couvrir une zone g\u00e9ographique plus \u00e9tendue et de rester proches de nos clients situ\u00e9s en p\u00e9riph\u00e9rie. \u00c0 Verviers, nous offrons les m\u00eames services de haute qualit\u00e9, avec une attention particuli\u00e8re port\u00e9e \u00e0 la proximit\u00e9 et \u00e0 la disponibilit\u00e9.<\/p>\n<\/div>\n<\/div>\n\n\n\n<div style='text-align: center; max-width: 100vw;'>\n<iframe style='margin:10px; border: none; max-width: 100%;' src=\"https:\/\/www.google.com\/maps\/embed?pb=!1m18!1m12!1m3!1d72136.65393769344!2d5.601763675213975!3d50.63950171385295!2m3!1f0!2f0!3f0!3m2!1i1024!2i768!4f13.1!3m3!1m2!1s0x47c0fa66057a7761%3A0xb9d4462a3fae8dd2!2sBd%20Jean%20de%20Wilde%2071%2C%204000%20Li%C3%A8ge!5e0!3m2!1sfr!2sbe!4v1724663685342!5m2!1sfr!2sbe\" width=\"600\" height=\"450\" style=\"border:0;\" allowfullscreen=\"\" loading=\"lazy\" referrerpolicy=\"no-referrer-when-downgrade\"><\/iframe>\n<iframe style='margin:10px; border: none; max-width: 100%;' src=\"https:\/\/www.google.com\/maps\/embed?pb=!1m18!1m12!1m3!1d5682.736698633369!2d5.8263703104840845!3d50.620215375897125!2m3!1f0!2f0!3f0!3m2!1i1024!2i768!4f13.1!3m3!1m2!1s0x47c08c8119b02539%3A0x55fc8c447e4886f6!2sRue%20de%20Battice%20125%2C%204800%20Verviers!5e0!3m2!1sfr!2sbe!4v1724663708632!5m2!1sfr!2sbe\" width=\"600\" height=\"450\" style=\"border:0;\" allowfullscreen=\"\" loading=\"lazy\" referrerpolicy=\"no-referrer-when-downgrade\"><\/iframe>\n<\/div>\n<\/div>\n","protected":false},"excerpt":{"rendered":"<p>Pr\u00e9sentation de notre Cabinet d&rsquo;Avocats LUTES est une structure fond\u00e9e par quatre avocats passionn\u00e9s et exp\u00e9riment\u00e9s, d\u00e9di\u00e9e \u00e0 la d\u00e9fense de vos droits et \u00e0 la satisfaction de vos besoins juridiques. Qui sommes-nous ? Notre cabinet se distingue par sa diversit\u00e9 de comp\u00e9tences et son engagement envers l&rsquo;excellence juridique. Nous combinons nos expertises vari\u00e9es pour [&hellip;]<\/p>\n","protected":false},"author":1,"featured_media":0,"parent":0,"menu_order":0,"comment_status":"closed","ping_status":"closed","template":"page-templates\/frontpage.php","meta":{"footnotes":""},"class_list":["post-150","page","type-page","status-publish","hentry"],"_links":{"self":[{"href":"https:\/\/www.lutes.dev-platform.b2cit.be\/index.php\/wp-json\/wp\/v2\/pages\/150"}],"collection":[{"href":"https:\/\/www.lutes.dev-platform.b2cit.be\/index.php\/wp-json\/wp\/v2\/pages"}],"about":[{"href":"https:\/\/www.lutes.dev-platform.b2cit.be\/index.php\/wp-json\/wp\/v2\/types\/page"}],"author":[{"embeddable":true,"href":"https:\/\/www.lutes.dev-platform.b2cit.be\/index.php\/wp-json\/wp\/v2\/users\/1"}],"replies":[{"embeddable":true,"href":"https:\/\/www.lutes.dev-platform.b2cit.be\/index.php\/wp-json\/wp\/v2\/comments?post=150"}],"version-history":[{"count":39,"href":"https:\/\/www.lutes.dev-platform.b2cit.be\/index.php\/wp-json\/wp\/v2\/pages\/150\/revisions"}],"predecessor-version":[{"id":334,"href":"https:\/\/www.lutes.dev-platform.b2cit.be\/index.php\/wp-json\/wp\/v2\/pages\/150\/revisions\/334"}],"wp:attachment":[{"href":"https:\/\/www.lutes.dev-platform.b2cit.be\/index.php\/wp-json\/wp\/v2\/media?parent=150"}],"curies":[{"name":"wp","href":"https:\/\/api.w.org\/{rel}","templated":true}]}}

<div class="wp-block-group alignfull has-global-padding is-layout-constrained wp-container-core-group-is-layout-2 wp-block-group-is-layout-constrained" style="padding-top:var(--wp--preset--spacing--50);padding-right:var(--wp--preset--spacing--50);padding-bottom:var(--wp--preset--spacing--50);padding-left:var(--wp--preset--spacing--50)">
<div class="wp-block-group is-layout-flow wp-container-core-group-is-layout-1 wp-block-group-is-layout-flow">
<h4 class="wp-block-heading"><br>Présentation de notre Cabinet d&rsquo;Avocats</h4>



<p></p>



<p class="has-text-align-left" style="margin-top:var(--wp--preset--spacing--10);margin-bottom:var(--wp--preset--spacing--10)"><strong>LUTES</strong> est une structure fondée par quatre avocats passionnés et expérimentés, dédiée à la défense de vos droits et à la satisfaction de vos besoins juridiques.</p>



<p class="has-text-align-left"></p>



<h4 class="wp-block-heading">Qui sommes-nous ?</h4>



<p style="margin-top:var(--wp--preset--spacing--10);margin-bottom:var(--wp--preset--spacing--10)">Notre cabinet se distingue par sa diversité de compétences et son engagement envers l&rsquo;excellence juridique. Nous combinons nos expertises variées pour offrir à nos clients des conseils juridiques personnalisés et efficaces, adaptés à chaque situation spécifique et à destination d’une clientèle hétéroclite allant du particulier à la grande entreprise.</p>



<p class="has-text-align-left">Nous pratiquons tant le conseil que le contentieux</p>



<div style="height:1.25rem" aria-hidden="true" class="wp-block-spacer"></div>



<div class="wp-block-buttons is-content-justification-center is-layout-flex wp-container-core-buttons-is-layout-1 wp-block-buttons-is-layout-flex">
<div class="wp-block-button"><a class="wp-block-button__link wp-element-button">Découvrir le cabinet</a></div>
</div>
</div>



<div style="height:var(--wp--preset--spacing--30)" aria-hidden="true" class="wp-block-spacer"></div>



<figure class="wp-block-image alignwide size-full is-style-rounded is-style-rounded--0e607709175ef9bffe4055bcacf42f26"><img loading="lazy" decoding="async" width="2560" height="1707" src="https://www.lutes.dev-platform.b2cit.be/wp-content/uploads/2024/08/close-up-pen-financial-report-scaled.jpg" alt="" class="wp-image-313" srcset="https://www.lutes.dev-platform.b2cit.be/wp-content/uploads/2024/08/close-up-pen-financial-report-scaled.jpg 2560w, https://www.lutes.dev-platform.b2cit.be/wp-content/uploads/2024/08/close-up-pen-financial-report-300x200.jpg 300w, https://www.lutes.dev-platform.b2cit.be/wp-content/uploads/2024/08/close-up-pen-financial-report-1024x683.jpg 1024w, https://www.lutes.dev-platform.b2cit.be/wp-content/uploads/2024/08/close-up-pen-financial-report-768x512.jpg 768w, https://www.lutes.dev-platform.b2cit.be/wp-content/uploads/2024/08/close-up-pen-financial-report-1536x1024.jpg 1536w, https://www.lutes.dev-platform.b2cit.be/wp-content/uploads/2024/08/close-up-pen-financial-report-2048x1365.jpg 2048w" sizes="(max-width: 2560px) 100vw, 2560px" /></figure>
</div>



<div class="wp-block-group alignfull has-base-2-background-color has-background has-global-padding is-layout-constrained wp-container-core-group-is-layout-5 wp-block-group-is-layout-constrained" style="margin-top:0;margin-bottom:0;padding-top:var(--wp--preset--spacing--50);padding-right:var(--wp--preset--spacing--50);padding-bottom:var(--wp--preset--spacing--50);padding-left:var(--wp--preset--spacing--50)">
<div class="wp-block-group alignwide has-global-padding is-layout-constrained wp-container-core-group-is-layout-4 wp-block-group-is-layout-constrained">
<div class="wp-block-group is-vertical is-content-justification-center is-layout-flex wp-container-core-group-is-layout-3 wp-block-group-is-layout-flex">
<h2 class="wp-block-heading has-text-align-center is-style-default">Une équipe diversifiée et spécialisée</h2>



<p class="has-text-align-center"><br>Notre cabinet est composé d&rsquo;une équipe élargie d&rsquo;avocats talentueux, chacun apportant une expertise spécifique dans divers domaines du droit. Cette structure nous permet de garantir un haut niveau d&rsquo;expertise et de répondre efficacement aux besoins variés de nos clients.</p>
</div>



<div style="height:var(--wp--preset--spacing--40)" aria-hidden="true" class="wp-block-spacer"></div>



<div style="height:var(--wp--preset--spacing--40)" aria-hidden="true" class="wp-block-spacer"></div>
</div>
</div>



<div class="wp-block-group alignfull has-base-background-color has-background is-layout-flow wp-block-group-is-layout-flow" style="margin-top:0;margin-bottom:0;padding-top:var(--wp--preset--spacing--50);padding-right:var(--wp--preset--spacing--50);padding-bottom:var(--wp--preset--spacing--50);padding-left:var(--wp--preset--spacing--50)">
<div class="wp-block-group is-vertical is-content-justification-center is-layout-flex wp-container-core-group-is-layout-6 wp-block-group-is-layout-flex">
<h2 class="wp-block-heading has-text-align-center is-style-default">Nos départements spécialisés</h2>



<p class="has-text-align-center"></p>



<div style="height:0px" aria-hidden="true" class="wp-block-spacer wp-container-content-2"></div>



<p class="has-text-align-center">Pour offrir un haut niveau d’expertise, notre cabinet est divisé en plusieurs départements, chacun dédié à un domaine spécifique du droit :</p>
</div>



<div style="margin-top:0;margin-bottom:0;height:var(--wp--preset--spacing--40)" aria-hidden="true" class="wp-block-spacer"></div>



<!-- Slider main container -->
<div class="swiper">
  <!-- Additional required wrapper -->
  <div class="swiper-wrapper">
    <!-- Slides -->
    <div class="swiper-slide slide-civil">
      <h4>Droit Civil</h4>
    </div>
    <div class="swiper-slide slide-penal">
      <h4>Droit Pénal</h4>
    </div>
    <div class="swiper-slide slide-commercial">
      <h4>Droit Commercial</h4>
    </div>
    <div class="swiper-slide slide-responsabilite">
      <h4>Responsabilité et assurances</h4>
    </div>
    &#8230;
  </div>
  <!-- If we need pagination -->
  <div class="swiper-pagination"></div>

  <!-- If we need navigation buttons -->
  <div class="swiper-button-prev"></div>
  <div class="swiper-button-next"></div>

  <!-- If we need scrollbar -->
  <div class="swiper-scrollbar"></div>
</div>



<div style="height:var(--wp--preset--spacing--20)" aria-hidden="true" class="wp-block-spacer"></div>
</div>



<div class="wp-block-group alignfull has-base-2-background-color has-background is-layout-flow wp-block-group-is-layout-flow" style="margin-top:0;margin-bottom:0;padding-top:var(--wp--preset--spacing--50);padding-right:var(--wp--preset--spacing--50);padding-bottom:var(--wp--preset--spacing--50);padding-left:var(--wp--preset--spacing--50)">
<h2 class="wp-block-heading has-text-align-center">Nos bureaux</h2>



<div class="wp-block-columns is-layout-flex wp-container-core-columns-is-layout-1 wp-block-columns-is-layout-flex">
<div class="wp-block-column is-layout-flow wp-block-column-is-layout-flow">
<h4 class="wp-block-heading"><strong>Liège</strong></h4>



<p>Situé au cœur de Liège, notre bureau principal est facilement accessible et équipé pour accueillir nos clients dans un cadre professionnel et confidentiel. Nous y traitons une large gamme de dossiers, allant du droit civil au droit commercial, en passant par le droit de la famille et le droit pénal.</p>
</div>



<div class="wp-block-column is-layout-flow wp-block-column-is-layout-flow">
<h4 class="wp-block-heading"><strong>Verviers</strong></h4>



<p>Notre second bureau, implanté à Verviers, nous permet de couvrir une zone géographique plus étendue et de rester proches de nos clients situés en périphérie. À Verviers, nous offrons les mêmes services de haute qualité, avec une attention particulière portée à la proximité et à la disponibilité.</p>
</div>
</div>



<div style='text-align: center; max-width: 100vw;'>
<iframe style='margin:10px; border: none; max-width: 100%;' src="https://www.google.com/maps/embed?pb=!1m18!1m12!1m3!1d72136.65393769344!2d5.601763675213975!3d50.63950171385295!2m3!1f0!2f0!3f0!3m2!1i1024!2i768!4f13.1!3m3!1m2!1s0x47c0fa66057a7761%3A0xb9d4462a3fae8dd2!2sBd%20Jean%20de%20Wilde%2071%2C%204000%20Li%C3%A8ge!5e0!3m2!1sfr!2sbe!4v1724663685342!5m2!1sfr!2sbe" width="600" height="450" style="border:0;" allowfullscreen="" loading="lazy" referrerpolicy="no-referrer-when-downgrade"></iframe>
<iframe style='margin:10px; border: none; max-width: 100%;' src="https://www.google.com/maps/embed?pb=!1m18!1m12!1m3!1d5682.736698633369!2d5.8263703104840845!3d50.620215375897125!2m3!1f0!2f0!3f0!3m2!1i1024!2i768!4f13.1!3m3!1m2!1s0x47c08c8119b02539%3A0x55fc8c447e4886f6!2sRue%20de%20Battice%20125%2C%204800%20Verviers!5e0!3m2!1sfr!2sbe!4v1724663708632!5m2!1sfr!2sbe" width="600" height="450" style="border:0;" allowfullscreen="" loading="lazy" referrerpolicy="no-referrer-when-downgrade"></iframe>
</div>
</div>

<p>Présentation de notre Cabinet d&rsquo;Avocats LUTES est une structure fondée par quatre avocats passionnés et expérimentés, dédiée à la défense de vos droits et à la satisfaction de vos besoins juridiques. Qui sommes-nous ? Notre cabinet se distingue par sa diversité de compétences et son engagement envers l&rsquo;excellence juridique. Nous combinons nos expertises variées pour [&hellip;]</p>
